ose -p*a - 21970 + 88080 = 0. Is a a prime number?
False
Let p = 229762 - 137583. Is p a composite number?
False
Let h(t) = 22*t**2 - 4*t + 3. Let u be h(1). Let m(b) = 31*b**2 - 18*b + 74. Is m(u) a composite number?
False
Let l = -1883 + 1882. Let v be (-1)/(1*2/(-2)). Is ((-982)/(v - l))/(-1) a composite number?
False
Suppose p = u - 56, 4*u + 3*p - 252 = -42. Let m = 2737 - 2687. Suppose -m*n = -u*n + 3652. Is n a composite number?
True
Suppose 0 = t - 5. Suppose -3 = 2*p - 11. Suppose 3*v - t*u = 2029, -2*v - v - p*u + 2011 = 0. Is v a prime number?
True
Let m be (12/18)/((-4)/(-48)). Let q be ((-4)/m*-410 - 1)*1. Let x = 337 + q. Is x a composite number?
False
Let d(k) = -52 + 77*k**2 - 119*k + 112*k + 35. Let m be 1/4 - 13/4. Is d(m) a prime number?
False
Is 12423 + 0 - ((-44)/(-110) - (-6)/10) composite?
True
Let n(o) = -o**3 + o**2 + 7*o - 26. Let h be n(-7). Let i = 522 - h. Is i a composite number?
True
Let i(x) be the first derivative of -1453*x**2/2 - 61*x + 83. Is i(-6) a prime number?
False
Let a = -792 - -4283. Is a a composite number?
False
Suppose -38197 + 312191 = 7*x + 7*x. Is x a composite number?
False
Is 228/(-855) - (-21021638)/30 prime?
False
Let i(a) = 3*a**2 + 6*a. Let j be i(-6). Suppose 0 = j*w - 74*w + 5554. Is w composite?
False
Suppose 3*h + 2*p - 11877 - 22591 = 0, -5*h + 57442 = p. Is h - 27 - 4*(-2)/2 composite?
True
Let b(m) = -3145*m**3 - 8*m**2 - 51*m - 1. Is b(-5) prime?
False
Suppose 0 = 622*d - 585*d - 306323. Is d composite?
True
Is -917046*2/(-2) - -25 prime?
False
Suppose -4*c - 4*w + 142152 = -32868, -8 = -4*w. Is c composite?
False
Let y(r) = r**3 - 3*r**2 - 5*r + 7. Let l be y(4). Let p be 0/(0 - (4 - l)). Suppose p*d - 422 = -2*d. Is d a composite number?
False
Suppose -w - 4*t + 0 = -14, 3*w = -4*t + 26. Suppose -3*m = p - 9506, w*m = 4*p + m - 37939. Is p prime?
True
Let k = 179461 + 22420. Is k prime?
True
Let j(l) = 443*l**2 + 11*l + 405. Is j(13) prime?
False
Let x(u) = -3*u + 68. Let d be x(21). Suppose 0 = -d*a - 2*z + 6175, 2*a - 6*a = -3*z - 4963. Let l = a - 479. Is l a composite number?
True
Is ((-90)/(-250)*10/3)/(6/3454545) composite?
True
Is -1 + (107317 - (13 - 6)) a composite number?
False
Let o = -12185 + 14078. Is o composite?
True
Suppose -48 = 14*p - 160. Let g(d) = 2*d**3 + 3*d**2 + 3*d + 19. Is g(p) a prime number?
True
Suppose 0 = 7*n - n + 504. Let x be (2/(0 + 1))/((-42)/n). Is ((-555)/(-10))/(10/x + -2) a composite number?
True
Suppose -2*q + 33052 = 5*j + q, -2*j - 2*q + 13224 = 0. Let y be j/140 - (-1)/(-5). Is y + 1/(3 - 4) prime?
False
Suppose b - 1 = 0, b + 2*b = 4*z - 3705. Let g = z + 403. Suppose g = 4*l + 5*f, -2*f = f + 6. Is l a prime number?
False
Let t(f) = -6*f**3 - 2*f**2 + 11*f + 12. Suppose -p - 3*p = 3*v + 106, 4*p + 4 = 0. Let l = v - -27. Is t(l) a composite number?
True
Suppose -4*q = -99 + 35. Let o be (-16)/(-10) + q/40. Is 1326/3 + (3 - o) a composite number?
False
Suppose 11 = -t + 16. Suppose 0 = j + 2*y - 1569 + 328, -5*j = t*y - 6200. Suppose -796 - j = -5*w. Is w a prime number?
False
Let p be (-6)/30 - (-11)/5. Suppose -4*v = 2*h - 20, -4*h - p*v + 5 = -v. Let l(a) = 2*a + 211. Is l(h) prime?
True
Suppose 221*i + 7 = 222*i. Suppose -2*w - i*d = -4*d - 1663, 0 = 3*w - 5*d - 2542. Is w a composite number?
False
Let d(q) = q**3 + q**2 - 3*q + 7. Let t be d(0). Suppose o - t = -3*g - 1, -2*o - 2*g = -4. Is ((-402)/24)/((-1)/44 - o) composite?
True
Let m = 39 - 26. Let b(l) = -l + 2. Let r be b(m). Is 2119/((-8)/36 + r/(-9)) a prime number?
False
Let i = -17694 - -9965. Let r = -2294 - i. Is r a composite number?
True
Let t(i) = 624*i - 28. Let x(l) = 623*l - 28. Let o(q) = -4*t(q) + 3*x(q). Is o(-5) a composite number?
False
Let j(r) = -44*r**3 + 19*r**2 - 40*r - 137. Is j(-14) prime?
False
Is (-28590981)/(-738) - (-2)/(-12) composite?
True
Let k(c) = -c**3 - 24*c**2 - 58*c - 31. Suppose -3*x - 3*z = 75, -2*z + 94 = -2*x - 2*x. Is k(x) prime?
True
Let a(s) be the first derivative of s**3/3 + 23*s**2 + 64*s + 5. Is a(43) a composite number?
True
Let x(v) be the third derivative of 17/6*v**3 + 1/15*v**6 + 0 + 7/60*v**5 - 2*v**2 + 0*v - 1/6*v**4. Is x(8) a composite number?
True
Let o(v) = 1860*v + 421. Is o(10) composite?
True
Let b = 8 + 245. Suppose -18*a + 49*a - 15376 = 0. Suppose -2*y + 3*y - b = 2*o, -o + a = 2*y. Is y a composite number?
True
Is 10/2 + (-176)/(-264)*(2091315 - 0) a prime number?
False
Is ((2 - (-95588)/36) + 18/(-81))*5 a composite number?
True
Suppose 0 = 90*p - 10*p - 341602 - 5259438. Is p a prime number?
False
Suppose 64*g + 14827373 = 201*g. Is g a prime number?
False
Suppose -5*l + 3*y + 4779 = 0, -10*l + 8*l + 2*y + 1910 = 0. Suppose -5*q + 127 = 3*g, 0 = g - 3*q - 0*q - 33. Suppose -42*t + g*t = -l. Is t a prime number?
False
Suppose o - 1434 = -2*o. Suppose 3*y = 4493 + o. Is y a composite number?
False
Suppose -1799 = 50*z - 7650596 - 123503. Is z prime?
False
Is (-4)/14 - (-52)/13*1641310/280 prime?
True
Suppose 61177559 = -361*w + 166168633. Is w a prime number?
False
Suppose -5*c + 10 = 6*d - 3*d, -3*c = -3*d + 18. Is 2 - (-7984 + 7/c) a composite number?
False
Suppose 9*w - 19 = -343. Is (-2)/(-4) - -2*(-351837)/w composite?
True
Suppose -3*s + r + 1363018 = 0, 30*s - 1817361 = 26*s + 5*r. Is s prime?
False
Suppose 0*f + 4 = 4*f. Let j(m) = -108*m**2 + f + 506*m**2 + 0*m - m + 3*m. Is j(2) a prime number?
True
Suppose 18 = 4*t + 38, 563195 = 5*c + 4*t. Is c prime?
True
Let r = -25373 - -92670. Is r composite?
True
Suppose 590168 = 2296*b - 2288*b. Is b a composite number?
False
Let p = 15926 - 30503. Let j = 22878 + p. Is j composite?
True
Let a = -30 + 22. Let v(h) = 3*h + 20. Let y be v(a). Let j(n) = -7*n**3 - n**2 + 2*n - 5. Is j(y) a composite number?
False
Let j = 21 + -18. Suppose -16303 = -j*u - 4*u. Is u a prime number?
False
Let f(r) = -38972*r - 15. Let g be f(-1). Suppose -4*x = -5*a + 760 + 38189, 0 = -5*a + 2*x + g. Is a a composite number?
False
Let r(b) be the first derivative of -b**2/2 - 9*b - 9. Let c be r(3). Is ((-3426)/36)/(2/c) a prime number?
True
Let i(c) = -27*c - 13. Let n be i(3). Let w = 209 + n. Suppose -r + w = 3*f - 139, -3*r - 2*f = -727. Is r prime?
True
Suppose -70049 = -f - o, -17*f - 350242 = -22*f - 4*o. Is f composite?
True
Is 31212402/182 - (-1 + (-25)/(-35)) composite?
True
Suppose 2*d + 3*c = 197645, 78*d - 4*c - 395280 = 74*d. Is d prime?
False
Let d(w) = 439*w - 47. Let u(x) = -16*x + 262. Let y be u(16). Is d(y) composite?
True
Let h = -57 - -185. Let n = -253 + 456. Let w = n + h. Is w prime?
True
Is (-5944378)/(-7) - (180/63 + 3/(-1)) composite?
False
Suppose 0 = 3*r + 11*y - 7*y - 150143, -50036 = -r + y. Is r a composite number?
True
Suppose 3 = 3*q - 18. Suppose -4*b = -z - 6063, 6*b = q*b + z - 1522. Is b prime?
False
Let k(q) = -3231*q**3 - 5*q**2 - 9*q + 211. Is k(-6) composite?
True
Let g(m) = -50*m**3 - 19*m**2 - 39*m + 25. Is g(-11) a prime number?
False
Let b(a) = 5*a - 27. Let c be b(5). Let i be (5 - 1) + (-6)/c. Suppose i*d - 12*d = -1655. Is d a composite number?
False
Let b(z) = -7*z**3 + 55*z**2 + 14*z - 25. Is b(6) a composite number?
True
Suppose -7*s - 73224 = -34*s. Suppose s = -15*t + 23*t. Is t a composite number?
True
Let x be 20*(1 - -3)*(-2868)/(-30). Let y = 2431 + x. Is y composite?
False
Suppose -50688707 = 20*a - 106*a - 207*a. Is a a composite number?
False
Let o(i) = 5*i**2 + 10*i + 1. Let f(l) = -14*l**2 - 31*l - 4. Let b(c) = 3*f(c) + 8*o(c). Let k be b(-7). Is k*(7 + -3 + -9) composite?
True
Suppose -4000644 - 1308817 = -27*w + 5178932. Is w composite?
False
Let l(q) = 64 - 33 - 32 + 11*q**2. Let s be l(1). Is ((-3)/4)/(s/(-1640)) a prime number?
False
Let p = 3187 + -570. Suppose -w - 180 = -p. Is w a prime number?
True
Let x(m) = 32*m + 1. Let j(b) = 5*b. Let w(v) = 20*j(v) - 5*x(v). Suppose -2*d + 26 = -4*g, -31 = 4*g - d - 2*d. Is w(g) a composite number?
True
Suppose -15*u = 21234 - 350169. Is u prime?
True
Let g = -1892 + -660. Let d = g + 5505. Is d composite?
False
Suppose 4*x = -2*r - 2*r + 28, -4*x - 36 = -4*r. Let b = r + 69. Suppose 3*a - 3*n = 111, -4*n = -2*a - n + b. Is a prime?
False
Let f(t) = 78*t**2 - 40*t + 13. Let h be f(11). Suppose -3*v + h = -5*o, 12*o = -4*v + 16*o + 12020. Is v prime?
False
Suppose 2